and a?
12
Suppose -4*g = -5*w - 81, 0*w = -2*g - 3*w + 13. Suppose g + 7 = 7*z. What is the highest common factor of 6 and z?
3
Let x(m) = -m - 12. Let i be x(-15). Let s(a) = a**3 + 4*a**2 - 4*a. Let c be s(i). Calculate the greatest common divisor of 17 and c.
17
Let n(r) = -161*r - 336. Let q be n(-8). Calculate the highest common divisor of q and 56.
56
Let o = -47 - -95. Calculate the greatest common factor of o and 72.
24
Let c(m) = -m**2 + 5*m + 21. Let u be c(7). Let a = -85 - -120. Suppose 5*f - 175 = -0*r + 3*r, -f = r - a. Calculate the greatest common factor of f and u.
7
Let n(x) = 4*x - 111. Let u be n(33). Let t be (438/(-4))/(3/4). Let j = 43 - t. What is the greatest common factor of u and j?
21
Let j be (116/(-6))/(68/(-102)). Calculate the greatest common divisor of 580 and j.
29
Suppose -m - 5*g = -3*m + 51, -m + 2*g = -27. Calculate the highest common divisor of m and 1419.
33
Let l = -620 - -1273. Suppose 0 = -2*o + 2 + 4, -2*x = -3*o - l. Suppose -w - a = -68 - 21, -4*w + x = -a. Calculate the highest common factor of w and 12.
12
Suppose 0*a = 2*a + 180. Let r be 482/18 + (-20)/a. What is the greatest common divisor of r and 135?
27
Suppose -x = -72 - 168. Let s be -3*1 - x/(-16). Let l(m) = m**2 - 11*m + 3. Let w be l(s). What is the highest common divisor of 135 and w?
15
Suppose -11*x - 83 = -1315. What is the greatest common divisor of x and 224?
112
Let s be (-28)/(-49)*(-98)/(-4) + -3. What is the greatest common factor of s and 33?
11
Let x(c) = -3*c + 9. Let b be x(-17). Suppose 0*j - 2*j = 40. Let f = j - -44. Calculate the highest common divisor of f and b.
12
Suppose -4 - 2 = 3*p. Let r be 1/(9/(-5) - p). Suppose 12 = 4*y - 5*m - 12, -3*y = -r*m - 23. What is the highest common factor of y and 3?
1
Suppose -5*m - u + 326 = 0, -2*m + 342 = 3*m - 3*u. Let h be 26147/m + 1/(-6). Calculate the greatest common divisor of h and 44.
44
Let f be -2 + (-183)/(-5) + (-6)/(-15). Suppose -42*h = -43*h + f. What is the greatest common factor of h and 7?
7
Let c(q) = q + 6. Let t be c(-3). Let b = t - -15. Let i = -135 + 207. What is the greatest common divisor of i and b?
18
Let f be (3999/172)/(3/(-4) - -1). Suppose -j = -f - 105. Calculate the highest common divisor of 18 and j.
18
Let n(u) = 25*u**2 - 117*u - 901. Let h be n(-8). What is the highest common divisor of 30 and h?
15
Let h be 1/(40/1176) + (-4)/10. Let x be h + (1/(-1))/(18/(-18)). Calculate the greatest common factor of x and 40.
10
Let y = 4 + -8. Let p be ((-7)/2)/(y/24). Suppose -38*d = 71 - 869. Calculate the greatest common factor of p and d.
21
Suppose -27*f + 2590 + 6671 = 0. What is the greatest common factor of f and 7?
7
Suppose -79*f + 3*r = -84*f + 64, 3*f + 2*r = 38. Let i be (-2)/6 + (-7)/(-3). What is the highest common factor of f and i?
2
Let o be ((-28)/20)/7 + (-76)/(-5). What is the greatest common divisor of 135 and o?
15
Let n = 605 + -598. What is the highest common divisor of 35 and n?
7
Let p(b) = b**3 - 6*b**2 + 7*b - 5. Let h be (-14)/(-4)*70/49. Let o be p(h). What is the highest common divisor of 55 and o?
5
Let m = 142 + 146. What is the highest common factor of 72 and m?
72
Let x = 68 + -14. Suppose -7*k = -k - x. What is the greatest common factor of 36 and k?
9
Let m = 103 + 136. Suppose 20 = 5*z, -m = -o - 0*o + 5*z. What is the highest common divisor of 37 and o?
37
Let r(l) = -l**3 - 6*l**2 - 7*l + 6. Let v be r(-7). Let x = v - 40. Let p be (16/(-10))/((-4)/20). What is the highest common factor of x and p?
8
Suppose -i = 2, -61*d + 65*d + i = 286. What is the highest common divisor of d and 336?
24
Suppose -4*z - 5*o + 215 = 0, -2*o = -4*o + 6. Suppose k - 20 = -0*k. Calculate the greatest common factor of z and k.
10
Let t be (-1 + 4 - 2) + -5 + 6. Calculate the highest common factor of 18 and t.
2
Suppose 5*d - 2*w + 10 + 39 = 0, d = 4*w - 17. Let f be 43/2 - d/18. Suppose -4*g + 4 = -2*z - 8, -z = 3*g - 4. Calculate the highest common factor of f and g.
2
Let k(w) = 3*w + 110. Let j be k(-32). Calculate the highest common factor of j and 91.
7
Suppose -x - 5*y + 463 = 0, 5*x + 2*y - 1445 = 916. What is the highest common divisor of 43 and x?
43
Suppose 3*s = -2*s - 650. Let p = 214 + s. What is the highest common factor of 12 and p?
12
Let q be 4/(-18) - 29/(-9). Suppose q*l + 28 - 94 = 0. Suppose k + 3*k - 220 = 0. Calculate the highest common divisor of l and k.
11
Suppose -259 = -27*k + 227. What is the highest common factor of 1377 and k?
9
Let s(p) = 188*p**3 - 4*p**2 - p + 1. Let f be s(1). Calculate the highest common factor of f and 32.
8
Suppose 4*x - 8 = 16. Suppose 3*v = -2*g + 88, 8*g - 5*v = x*g + 120. Suppose 0 = 2*u - g - 132. What is the highest common factor of u and 13?
13
Let x(i) = -i**3 + 10*i**2 + 8*i - 15. Let k be x(10). Let u = -39 + k. Let c = u + -17. Calculate the highest common divisor of 27 and c.
9
Suppose 2*s + 110 = 7*s + 5*f, 106 = 5*s + 4*f. Suppose -110 = -11*w + 88. Calculate the greatest common factor of s and w.
18
Let s be (-1 + 5)*(-1 - 1). Let l = 12 + s. Suppose 37 = l*h + 1. Calculate the highest common divisor of 45 and h.
9
Let v be (13/(260/3280))/(2/57). Calculate the greatest common divisor of 41 and v.
41
Suppose -20 + 44 = 12*s. Calculate the highest common divisor of s and 31.
1
Suppose 3*y - r - 129 = -34, -y - r + 33 = 0. Calculate the greatest common divisor of 2 and y.
2
Let t = 25 + -40. Let g be (1 + (-76)/20)*t/3. What is the greatest common divisor of g and 56?
14
Let g(p) = 31*p**3 - p. Let r be g(1). Suppose 2*l - 5*l + r = 0. Suppose -436 = -4*s + a, -5*s + 5*a + 420 = -s. What is the greatest common factor of s and l?
10
Suppose -14 = -4*g - 838. Let k = g - -316. Calculate the highest common divisor of 10 and k.
10
Suppose -3*p = -3*d + 10 - 82, -2*p = -5*d - 48. Suppose 2*f - 18 = -4*f. What is the greatest common divisor of p and f?
3
Let h = 107 + -78. Calculate the highest common divisor of h and 841.
29
Let c = 30 - 11. Let i = c + 1. Let g = i + 12. What is the greatest common factor of g and 288?
32
Let n = 1112 - 1048. Calculate the greatest common factor of n and 416.
32
Let m be (-1 + (2 - 1))/2 - -13. Calculate the highest common factor of m and 325.
13
Let q = 42 + -24. Suppose 4*a - q = 2*w - w, 0 = a - 5. What is the greatest common divisor of 10 and w?
2
Suppose 0 = 21*s - 970 - 458. What is the highest common divisor of 187 and s?
17
Let s be 2 - (-4 - -1)/3. Let h be 1 + -1 - 0 - 0. Suppose h = 3*k + 15, s*z + 2*k - 117 = -k. What is the highest common divisor of 4 and z?
4
Let q = 4 - 22. Let p(t) = -t**2 - 18*t + 9. Let d be p(q). Let n(i) = -i**3 + 6*i**2 + 2*i + 5. Let b be n(4). What is the highest common divisor of b and d?
9
Suppose 2*a = 41 - 9. Let p be (-8)/12 - (-40)/15. Suppose -u + p*u - 16 = 0. What is the greatest common factor of a and u?
16
Let a(v) = -52*v**3 + 2*v**2 - 1. Let n be a(-1). Let w = 134 - n. Suppose 15 = 6*f - 39. What is the greatest common divisor of w and f?
9
Let j(c) = 79*c**2 - 1. Let m be j(1). Suppose 2*p - 54 = m. What is the greatest common factor of 11 and p?
11
Let j(z) = -z**3 - z**2. Suppose -4*n + 14 = -6, -m - 5*n = -23. Let c be j(m). Calculate the greatest common factor of c and 8.
4
Let v = 13 + -23. Let l(s) = -9*s - 2. Let d be l(v). Suppose 44*f = 45*f - 11. Calculate the highest common factor of d and f.
11
Suppose 0 = -10*b + 12*b - 52. Let p(s) = 6*s - 90. Let o be p(b). What is the greatest common factor of o and 99?
33
Suppose f - 1 - 1 = 0. Suppose 0 = f*z, 4*r + r + z - 15 = 0. Suppose -r*g + 174 = 3*g. Calculate the greatest common divisor of g and 203.
29
Suppose -116 = -4*k + 4*t, 5*t - 24 - 95 = -3*k. Let h = k - -12. What is the highest common factor of h and 5?
5
Let k be (-22)/99 + (-490)/(-18). Calculate the greatest common factor of 15 and k.
3
Suppose -24*o = -27*o + 3048. What is the greatest common divisor of o and 8?
8
Let l = 202 - 194. Let m(h) = -h**2 - 6*h - 7. Let q be m(-5). Let c = q + l. Calculate the greatest common divisor of c and 12.
6
Let a = -28 + 40. Suppose -13 - 113 = -6*b. Let p be (8/a)/1*b. Calculate the highest common factor of p and 56.
14
Let a = -18 - -81. Suppose -4*w = -19 + 7. Suppose 20 = 5*f, -w*f = 3*o - 8*o + 33. Calculate the